igit of 677?
7
What is the tens digit of 11074?
7
What is the hundreds digit of 18372?
3
What is the tens digit of 6998?
9
What is the hundreds digit of 10374?
3
What is the thousands digit of 11986?
1
What is the thousands digit of 49196?
9
What is the hundreds digit of 26327?
3
What is the thousands digit of 25140?
5
What is the units digit of 808?
8
What is the hundreds digit of 17178?
1
What is the units digit of 22994?
4
What is the hundreds digit of 62234?
2
What is the tens digit of 21540?
4
What is the tens digit of 42890?
9
What is the units digit of 781?
1
What is the ten thousands digit of 170325?
7
What is the tens digit of 42?
4
What is the thousands digit of 21570?
1
What is the tens digit of 2043?
4
What is the tens digit of 42131?
3
What is the units digit of 10638?
8
What is the tens digit of 29516?
1
What is the units digit of 72?
2
What is the units digit of 43886?
6
What is the tens digit of 1276?
7
What is the hundreds digit of 8024?
0
What is the hundreds digit of 2561?
5
What is the units digit of 2238?
8
What is the thousands digit of 4354?
4
What is the units digit of 48014?
4
What is the ten thousands digit of 43067?
4
What is the units digit of 3423?
3
What is the tens digit of 5962?
6
What is the hundreds digit of 2924?
9
What is the tens digit of 661?
6
What is the ten thousands digit of 21342?
2
What is the units digit of 4779?
9
What is the hundreds digit of 933?
9
What is the hundreds digit of 2051?
0
What is the thousands digit of 1462?
1
What is the tens digit of 1165?
6
What is the units digit of 352?
2
What is the tens digit of 989?
8
What is the units digit of 426?
6
What is the ten thousands digit of 138742?
3
What is the tens digit of 152?
5
What is the tens digit of 7180?
8
What is the thousands digit of 7856?
7
What is the hundreds digit of 30641?
6
What is the tens digit of 981?
8
What is the units digit of 97386?
6
What is the tens digit of 1121?
2
What is the hundreds digit of 70629?
6
What is the thousands digit of 4013?
4
What is the tens digit of 16413?
1
What is the units digit of 3118?
8
What is the units digit of 239?
9
What is the thousands digit of 1277?
1
What is the tens digit of 410?
1
What is the units digit of 508?
8
What is the units digit of 5400?
0
What is the hundreds digit of 1126?
1
What is the tens digit of 28?
2
What is the units digit of 13436?
6
What is the tens digit of 1770?
7
What is the units digit of 136622?
2
What is the hundreds digit of 10203?
2
What is the thousands digit of 4350?
4
What is the units digit of 98?
8
What is the units digit of 2346?
6
What is the thousands digit of 39428?
9
What is the hundreds digit of 456?
4
What is the hundreds digit of 24326?
3
What is the ten thousands digit of 82043?
8
What is the tens digit of 4551?
5
What is the units digit of 585?
5
What is the hundreds digit of 5591?
5
What is the hundreds digit of 2603?
6
What is the tens digit of 4519?
1
What is the thousands digit of 14111?
4
What is the hundreds digit of 58175?
1
What is the thousands digit of 4197?
4
What is the hundreds digit of 3472?
4
What is the hundreds digit of 1455?
4
What is the tens digit of 2073?
7
What is the ten thousands digit of 19200?
1
What is the units digit of 12450?
0
What is the tens digit of 1972?
7
What is the hundreds digit of 810?
8
What is the units digit of 7?
7
What is the hundreds digit of 26464?
4
What is the hundreds digit of 7896?
8
What is the tens digit of 38779?
7
What is the hundreds digit of 1155?
1
What is the hundreds digit of 2535?
5
What is the thousands digit of 20687?
0
What is the hundreds digit of 3550?
5
What is the tens digit of 2635?
3
What is the thousands digit of 3236?
3
What is the tens digit of 1570?
7
What is the hundreds digit of 10688?
6
What is the tens digit of 46970?
7
What is the hundreds digit of 2745?
7
What is the tens digit of 16846?
4
What is the hundreds digit of 1504?
5
What is the thousands digit of 3284?
3
What is the tens digit of 3843?
4
What is the tens digit of 871?
7
What is the units digit of 4476?
6
What is the units digit of 562?
2
What is the tens digit of 82?
8
What is the hundreds digit of 2759?
7
What is the thousands digit of 10163?
0
What is the thousands digit of 27863?
7
What is the thousands digit of 1130?
1
What is the thousands digit of 13554?
3
What is the hundreds digit of 780?
7
What is the units digit of 23317?
7
What is the thousands digit of 1773?
1
What is the thousands digit of 15952?
5
What is the ten thousands digit of 25722?
2
What is the hundreds digit of 35763?
7
What is the units digit of 51371?
1
What is the units digit of 1874?
4
What is the units digit of 2581?
1
What is the units digit of 64?
4
What is the thousands digit of 168181?
8
What is the units digit of 6936?
6
What is the units digit of 6435?
5
What is the ten thousands digit of 59083?
5
What is the thousands digit of 2042?
2
What is the thousands digit of 68648?
8
What is the thousands digit of 4052?
4
What is the units digit of 33?
3
What is the units digit of 3310?
0
What is the units digit of 917?
7
What is the hundreds digit of 1606?
6
What is the ten thousands digit of 52770?
5
What is the hundreds digit of 321?
3
What is the hundreds digit of 15159?
1
What is the thousands digit of 8526?
8
What is the tens digit of 476?
7
What is the thousands digit of 1921?
1
What is the tens digit of 177?
7
What is the tens digit of 3371?
7
What is the hundreds digit of 6255?
2
What is the hundreds digit of 1394?
3
What is the hundreds digit of 4715?
7
What is the units digit of 45711?
1
What is the units digit of 5371?
1
What is the units digit of 511?
1
What is the tens digit of 102?
0
What is the tens digit of 39190?
9
What is the units digit of 248?
8
What is the tens digit of 28?
2
What is the thousands digit of 2453?
2
What is the ten thousands digit of 51343?
5
What is the hundreds digit of 17267?
2
What is the thousands digit of 1105?
1
What is the units digit of 9180?
0
What is the hundreds digit of 6295?
2
What is the tens digit of 218?
1
What is the thousands digit of 103947?
3
What is the tens digit of 882?
8
What is the tens digit of 1288?
8
What is the thousands digit of 1279?
1
What is the thousands digit of 1020?
1
What is the units digit of 3510?
0
What is the hundreds digit of 4780?
7
What is the hundreds digit of 72897?
8
What is the tens digit of 52882?
8
What is the units digit of 787?
7
What is the units digit of 29988?
8
What is the ten thousands digit of 43347?
4
What is the units digit of 155773?
3
What is the tens digit of 692?
9
What is the thousands digit of 1075?
1
What is the tens digit of 102932?
3
What is the ten thousands digit of 12627?
1
What is the hundreds digit of 3093?
0
What is the units digit of 11749?
9
What is the hundreds digit of 30660?
6
What is the units digit of 13524?
4
What is the units digit of 890?
0
What is the units digit of 375?
5
What is the units digit of 17579?
9
What is the thousands digit of 41585?
1
What is the tens digit of 1087?
8
What is the thousands digit of 1712?
1
What is the hundreds digit of 563?
5
What is the units digit of 234?
4
What is the units digit of 2936?
6
What is the thousands digit of 43682?
3
What is the units digit of 48351?
1
What is the thousands digit of 27371?
7
What is the thousands digit of 1317?
1
What is the thousands digit of 35046?
5
What is the thousands digit of 45825?
5
What is the hundreds digit of 27221?
2
What is the hundreds digit of 1568?
5
What is the hundreds digit of 338?
3
What is the thousands digit of 3706?
3
What is the thousands digit of 3702?
3
What is the tens digit of 2680?
8
What is the hundreds digit of 64887?
8
What is the units digit of 198?
8
What is the units digit of 25?
5
What is the units digit of 2053?
3
What is the thousands digit of 38845?
8
What is the units digit of 2493?
3
What is the hundreds digit of 2277?
2
What is the thousands digit of 11027?
1
What is the hundreds digit of 994?
9
What is the tens digit of 3160?
6
What is the hundreds digit of 322?
3
What is the units digit of 185075?
5
What is the units digit of 21258?
8
What is the tens digit of 2774?
7
What is the tens digit of 1341?
4
What is the tens digit of 1094?
9
What is the hundreds digit of 1670?
6
What is the hundreds dig